{"id":7658,"date":"2021-02-11T14:53:20","date_gmt":"2021-02-11T16:53:20","guid":{"rendered":"https:\/\/segurosinteligentes.com.br\/oldrh\/_old\/wp-content\/uploads\/gest\u00e3o-estrat\u00e9gica-de-benef\u00edcios.jpg"},"modified":"2021-02-11T14:53:33","modified_gmt":"2021-02-11T16:53:33","slug":"gestao-estrategica-de-beneficios","status":"inherit","type":"attachment","link":"https:\/\/segurosinteligentes.com.br\/oldrh\/gestao-de-beneficios-na-crise\/gestao-estrategica-de-beneficios\/","title":{"rendered":"gest\u00e3o estrat\u00e9gica de benef\u00edcios"},"author":5,"comment_status":"closed","ping_status":"closed","template":"","meta":{"_et_pb_use_builder":"","_et_pb_old_content":"","_et_gb_content_width":"","_links_to":"","_links_to_target":""},"description":{"rendered":"<p class=\"attachment\"><a href='https:\/\/segurosinteligentes.com.br\/oldrh\/wp-content\/uploads\/gest\u00e3o-estrat\u00e9gica-de-benef\u00edcios.jpg'><img width=\"300\" height=\"106\" src=\"https:\/\/segurosinteligentes.com.br\/oldrh\/wp-content\/uploads\/gest\u00e3o-estrat\u00e9gica-de-benef\u00edcios.jpg\" class=\"attachment-medium size-medium\" alt=\"sa\u00edda de emerg\u00eancia\" decoding=\"async\" loading=\"lazy\" \/><\/a><\/p>\n"},"caption":{"rendered":""},"alt_text":"sa\u00edda de emerg\u00eancia","media_type":"image","mime_type":"image\/jpeg","media_details":{"width":4656,"height":1648,"file":"gest\u00e3o-estrat\u00e9gica-de-benef\u00edcios.jpg","image_meta":{"aperture":"0","credit":"","camera":"","caption":"","created_timestamp":"1613051163","copyright":"","focal_length":"0","iso":"0","shutter_speed":"0","title":"","orientation":"1","keywords":[]},"sizes":{}},"post":990,"source_url":"https:\/\/segurosinteligentes.com.br\/oldrh\/wp-content\/uploads\/gest\u00e3o-estrat\u00e9gica-de-benef\u00edcios.jpg","_links":{"self":[{"href":"https:\/\/segurosinteligentes.com.br\/oldrh\/wp-json\/wp\/v2\/media\/7658"}],"collection":[{"href":"https:\/\/segurosinteligentes.com.br\/oldrh\/wp-json\/wp\/v2\/media"}],"about":[{"href":"https:\/\/segurosinteligentes.com.br\/oldrh\/wp-json\/wp\/v2\/types\/attachment"}],"author":[{"embeddable":true,"href":"https:\/\/segurosinteligentes.com.br\/oldrh\/wp-json\/wp\/v2\/users\/5"}],"replies":[{"embeddable":true,"href":"https:\/\/segurosinteligentes.com.br\/oldrh\/wp-json\/wp\/v2\/comments?post=7658"}]}}

https://segurosinteligentes.com.br/oldrh/_old/wp-content/uploads/gestão-estratégica-de-benefícios.jpg

gestão estratégica de benefícios

<p class="attachment"><a href='https://segurosinteligentes.com.br/oldrh/wp-content/uploads/gestão-estratégica-de-benefícios.jpg'><img width="300" height="106" src="https://segurosinteligentes.com.br/oldrh/wp-content/uploads/gestão-estratégica-de-benefícios.jpg" class="attachment-medium size-medium" alt="saída de emergência" decoding="async" loading="lazy" /></a></p>

saída de emergência

gestão-estratégica-de-benefícios.jpg

https://segurosinteligentes.com.br/oldrh/wp-content/uploads/gestão-estratégica-de-benefícios.jpg
